 1. Let d(f) = h(f) - 3*v(f). Give d(u).
-8
Let a be (-2)/6 - 14/3. Let c(h) = h**2 + 8*h - 20. Let t be c(-10). Let m = a + t. Let z(d) = d**3 + 6*d**2 + 6*d - 3. What is z(m)?
-8
Let g(d) be the second derivative of -d**3/3 + 19*d**2 + 22875*d. Suppose 5*a + 0*a = 2*o - 24, -4*o + 104 = 4*a. Give g(o).
-6
Let m(c) = -16*c**3 - c**2 - c. Let x be (2/(-4))/(47/39574). Let u = x - -420. Calculate m(u).
16
Let d = -7 - -10. Let p(x) be the first derivative of x**4/4 - 5*x**3/3 + 5*x**2/2 - 2*x + 1610. Determine p(d).
-5
Let u be 39/(-104) + (-3750)/(-16). Suppose u*l - 233*l = -4. Let j(k) = -k + 5. Give j(l).
9
Let i(r) = -96*r + 9. Let c(s) = -339*s + 27. Let l(f) = -2*c(f) + 7*i(f). Calculate l(-7).
-33
Suppose -4*w = 6*a - 2*a - 12, -2*a - 6 = -w. Let v be -3 + 24/w - -9. Let q be (-11 + 3)*(-6)/v. Let n(y) = -y**2 - 2*y + 4. Calculate n(q).
-20
Let k(f) = 54 + 4*f - 12 - 20 - 18. Let p = -135 - -129. Give k(p).
-20
Suppose 832 - 826 = 2*z. Let n(m) = 18*m + 0*m**z + 23*m - 8 - 10*m**2 - 52*m - m**3. Determine n(-9).
10
Let f be 2*2/(-7) + (-520)/70. Let x(t) = -2*t + 6*t + 132 - 113. Give x(f).
-13
Let h(z) be the first derivative of -z**5/20 - z**4/2 + z**3 + 2*z**2 - 60*z - 9. Let d(l) be the first derivative of h(l). Calculate d(-7).
11
Let u(h) = 4*h - 7. Suppose 4*d - 18 = 3*c, 0 = -d - 5*c + 7*c + 2. Let x(l) = 2*l**3 - 13*l**2 + 9*l - 12. Let t be x(d). What is u(t)?
17
Let a be ((-27)/(-3))/(6/(-4)). Let d(b) = 5*b**2 + 4*b + 2. Let p(u) be the second derivative of u**4/12 + 41*u. Let x(s) = d(s) - 4*p(s). Give x(a).
14
Let k(c) = -c**2 - 5*c - 3. Let i be -1 + (-3 - -6) + (9 - -1). Suppose 0 = 3*h - i*h + 36. Suppose -4*g = 3*o - 6, 0*g - 5*g + 7 = h*o. Determine k(o).
3
Let s be -40 - 35/(50/10). Let l(a) = a**2 + 45*a - 115. What is l(s)?
-21
Let d(i) = -i**3 - 5*i**2 - i + 2. Let r(g) = g**3 - 8*g**2 - 8*g - 5. Let q be r(9). Suppose 20 = -q*k - 0. What is d(k)?
7
Let u(d) be the first derivative of -d**4/4 - 10*d**3 - 3*d**2/2 - 83*d - 4848. Give u(-30).
7
Suppose 5*d + 7 = -4*g, -2*d - 12 - 2 = 3*g. Let s(a) = a - 2. Let l(p) = -p**2 - 5*p - 17. Let y(t) = l(t) - 4*s(t). What is y(g)?
-1
Let v(p) = -p**2 - 3*p - 3. Let q be -6 + 5 + 20/5. Suppose 5*c = -4*g - 14, -2*g = -q*c - 7*g - 11. Determine v(c).
-1
Let b(l) be the first derivative of -15*l**2/2 - 123. Let t(x) = -5*x - 33. Let d be t(-6). Give b(d).
45
Let f(l) = -357*l - 2172. Let k be f(-6). Let i(r) = r**2 + 20*r - 298. Give i(k).
2
Let k(v) = v**2 - 3*v - 7. Let x be (((-325)/15)/(-5))/(2/6). Suppose 2*z + 2 = 4*l, x = 5*z - 0*z - 4*l. Determine k(z).
3
Let v(q) = 2*q**2 + 1264 - 911 - 22*q - 329. What is v(8)?
-24
Let z(u) = u**3 + u**2 - 3*u - 3. Let a = -9646 - -9643. What is z(a)?
-12
Let s(p) = 5*p**3 - 26*p**2 - 12*p + 15. Let f(m) = -3*m**3 + 17*m**2 + 8*m - 9. Let c(r) = 8*f(r) + 5*s(r). Determine c(-5).
8
Let f = -23 + 32. Let g(l) be the third derivative of 1/3*l**4 + 13/6*l**3 + 0*l + 0 + 81*l**2 - 1/60*l**5. What is g(f)?
4
Let t(x) be the first derivative of 2*x**3/3 - x**2/2 + 6. Let k = -60 + 42. Let b be (-1 - k/24)/(2/(-16)). Calculate t(b).
6
Let s(l) = 11*l - 5*l + 2*l - 80 - 4*l - 10*l. Give s(-13).
-2
Let w(y) = 2*y - y**2 + 6*y**2 + 3 + y**3 + 3 - 5. Suppose 0 = -4*t - 2*m - 2, 15*m - 13 = t + 13*m. Determine w(t).
13
Let g(y) = 15471*y + 15469*y - 30930*y - 1 + 2*y**2. Calculate g(-5).
-1
Let p(g) = -3*g**3 + g**2 + g - 1. Let l be 2 - 3 - (-3 + 4 + -58). Suppose -3*r = -3*a + 12, -2*a + l = 3*a + 4*r. Suppose a = -90*v + 86*v. Calculate p(v).
25
Let i(d) = -176*d + 360*d + 26 + 3 + 14 - 166*d. Give i(-3).
-11
Let i(r) = -r**2 - 7*r - 8. Let s = 31 - -26. Let b = -19 + s. Let w = 32 - b. Give i(w).
-2
Let w(z) = -47*z**3 + 46*z**2 + 81*z - 44. Let f(g) = 8*g**3 - g**2 - g + 2. Let q(l) = -6*f(l) - w(l). What is q(-38)?
-6
Let x(t) = t**2 - 24*t + 45. Let a be x(20). Let y = a + 37. Let m(n) = -n**2 + n - 4*n**2 + 4*n**2 - 1. Calculate m(y).
-3
Let c(g) = 11*g + 20*g + 5 - 34*g. Let o(x) = 28*x - 108. Let r be o(4). What is c(r)?
-7
Let b be 10 - -6*98/(-42). Let y(z) be the third derivative of 0 - 1/3*z**3 - 1/12*z**4 + 5*z**2 + 0*z. Calculate y(b).
6
Let u(s) = s**2 - 10*s + 13. Suppose -5*r - 3*m + 25 = 0, 4*r - 31*m + 7 = -28*m. Suppose r*p = -2*b + 4*b + 16, 4*p - 32 = 5*b. Determine u(p).
-3
Suppose -8 = l + f - 3*f, 0 = 2*l + 2*f - 8. Let n(r) be the third derivative of -1/24*r**4 - 1/60*r**5 + 55*r**2 + 0*r + 0 - 2/3*r**3. Determine n(l).
-4
Suppose 2*y + 8 = 6*y. Let d(f) = -6*f - 5*f**2 - 1 - f**3 - y + 2*f**3. Let v be (1/(-4))/(247/(-5928)). Determine d(v).
-3
Let s(p) be the second derivative of -1/6*p**3 + 20 - 4*p - 1/2*p**2. Calculate s(4).
-5
Let b(t) = -t**3 - 9*t**2 + 8*t + 5. Let k(j) = -j**3 - 16*j**2 + 378*j + 21. Let o be k(-29). Determine b(o).
-123
Let h(k) = k**2 - 6*k - 10. Let r(u) = 2*u. Let j(f) = -h(f) - 6*r(f). Suppose -18*i = -2*i + 128. What is j(i)?
-6
Let c(p) = -322877 + 4*p + 322878 - p. Determine c(-5).
-14
Suppose -11 + 1 = 2*j. Let i(v) = -4*v + 1. Let f(s) = -s + 72 - 37 - 34. Let k(w) = 7*f(w) - 2*i(w). What is k(j)?
0
Let m(d) = 11*d + 1001 - 976 - 5*d + 26*d. What is m(-4)?
-103
Let p(i) be the third derivative of -i**6/60 - i**5/15 - i**4/6 - i**3/2 + 3*i**2 + 235*i. Let w = 6 - 8. Give p(w).
5
Let j(c) = 2*c**3 - 9*c**2 - 20*c + 24. Let t be j(6). Let i be (76/t - 4)/(9/(-27)). Let a(h) = -h**2 - 7*h + 1. Give a(i).
1
Let p = -25 - -28. Let q(l) = -5*l**2 + 5*l - 4. Let f(s) = 12*s**2 - 10*s + 8. Suppose 0 = 157*y - 153*y + 20. Let k(t) = y*q(t) - 2*f(t). Give k(p).
-2
Let u(l) = -2*l + 103. Suppose -7555*w = -7558*w + 162. What is u(w)?
-5
Suppose -11 = x - 5*z, x + 3*z + 2 + 1 = 0. Suppose 6*b - 32 - 16 = 0. Let g(c) = -b - 3*c + 2*c - 3*c - 3*c - c**2. Calculate g(x).
-2
Let p(a) = a + 3. Suppose -155 - 1511 = -7*f. Let k = 234 - f. Determine p(k).
-1
Let t(m) = m**3 - 13*m**2 - 1. Let b(x) = -2*x + 57. Let j(a) = a - 27. Let v(f) = -2*b(f) - 5*j(f). Let l be v(8). What is t(l)?
-1
Let u(o) = -o**3 - 2*o + 1. Let q(i) = -4*i**3 + 8*i**2 - 7*i - 3. Let j(v) = q(v) - 5*u(v). Let z = 12 + -20. Determine j(z).
-32
Let a(t) = -3*t + 19. Let u be a(5). Suppose 6 + 2 = u*l. Suppose l*p - 13*p = 0. Let h(f) = f + 18. Determine h(p).
18
Let w(t) = 9*t**2 - 6*t - 14. Let j(f) = -26*f**2 + 16*f + 40. Let p(r) = -6*j(r) - 17*w(r). Give p(-3).
7
Let s(o) = 3*o**2 - 21*o + 10. Let t(i) = -i**2 - 35*i + 206. Let b be t(5). Determine s(b).
-8
Let i(q) = -q**3 + 6*q**2 - 8*q - 3. Suppose -j = 8*a - 9*a + 1, j = -5*a - 1. Let z be -8*(3 + (-28)/8 + a). What is i(z)?
-3
Let v(r) = 6 + 0*r**2 + 0*r**2 + 6*r - r**2. Suppose 0 = 241*d - 252*d + 66. What is v(d)?
6
Let y(q) = -7*q - 4. Let j(g) = 3*g + 2. Let x(h) = 3*j(h) + 2*y(h). Determine x(4).
-22
Let u = -5 - 1. Let r(y) be the third derivative of -y**5/60 - y**4/12 - y**3/3 + 33*y**2. Let p(f) = 5*f**2 + 7*f + 15. Let o(g) = -p(g) - 6*r(g). Give o(u).
3
Let m(i) = -2*i**3 + 13*i**2 - 21*i + 68. Let x(k) = k**3 - 6*k**2 + 10*k - 28. Let c(j) = -2*m(j) - 5*x(j). What is c(2)?
-4
Let o(p) = p**3 + 5*p**2 + 4*p + 2. Let y be o(-3). Let v(i) = 0 + y*i - 10*i**2 + i**3 - 3 + 3. Suppose 3*f - 17 = 5*n, -347 = -6*f + n - 295. What is v(f)?
-9
Suppose -3*a + 14 = -a. Let g(y) be the first derivative of -y**3/3 + 3*y**2 - 2*y - 368. Determine g(a).
-9
Let a(i) = 15*i + 6*i**2 + 16*i + 24*i + 17*i - 78*i - 9. What is a(-2)?
27
Let y be (-35)/(-15)*82/287 - 8/(-6). Let h(k) be the third derivative of 0*k + 1/24*k**4 - k**y + 0 + k**3. Calculate h(-5).
1
Let d(u) be the first derivative of -5*u**2/2 + 33*u + 865. Calculate d(6).
3
Let k(x) = -x**2 + 6. Suppose -3*h + 5*h - 8 = 0. Suppose l + h = 2*f, 8*f - 6 = 4*l + 5*f. Give k(l).
6
Suppose -64*n + 170*n - 544 = 410. Let r(j) = -2*j**2 + 14*j - 8. Calculate r(n).
-44
Suppose -12*s = -82*s. Let q(i) = 2*i**3 + i**2 - 48. Give q(s).
-48
Let q(j) be the first derivative of -2*j**2 - 3*j - 76. Let a(v) = v**2 + 13*v - 3. Let l be a(-13). Calculate q(l).
9
Let l(h) = 5*h**2 - 72*h + 264. Let u be l(7). Let k(v) = -27*v + 140. What is k(u)?
5
Let n(i) = -2*i**3 + 50*i**2 + 43*i + 261. Let j be n(26). Let a(w) = -w + 20. What is a(j)?
-7
Let l(z) = -2*z - 39. Let h(s) be the first derivative of -2*s**3/3 + s**2 + 8*s - 124. 